e the prime factors of 7230291?
3, 103, 23399
List the prime factors of 61953.
3, 107, 193
What are the prime factors of 403008?
2, 3, 2099
List the prime factors of 1044950.
2, 5, 20899
What are the prime factors of 22525873?
22525873
List the prime factors of 143456.
2, 4483
List the prime factors of 7756224.
2, 3, 7, 29, 199
List the prime factors of 555002.
2, 7, 29, 1367
What are the prime factors of 134231?
269, 499
List the prime factors of 8056164.
2, 3, 17, 23, 101
What are the prime factors of 3341287?
1601, 2087
What are the prime factors of 899045?
5, 7, 17, 1511
List the prime factors of 9810199.
7, 317, 4421
List the prime factors of 8012469.
3, 1009, 2647
List the prime factors of 5389165.
5, 877, 1229
List the prime factors of 1544323.
11, 12763
List the prime factors of 522263.
7, 74609
What are the prime factors of 4622611?
7, 13477
List the prime factors of 10363421.
17, 609613
List the prime factors of 539258.
2, 19, 23, 617
What are the prime factors of 11329813?
11, 1029983
List the prime factors of 249767.
7, 31, 1151
List the prime factors of 3981291.
3, 439, 3023
List the prime factors of 4338971.
7, 13, 47681
List the prime factors of 109660.
2, 5, 5483
List the prime factors of 1055102.
2, 23, 22937
List the prime factors of 2421499.
1297, 1867
What are the prime factors of 327208?
2, 7, 5843
What are the prime factors of 4472904?
2, 3, 17, 19, 577
List the prime factors of 4967165.
5, 7, 139, 1021
List the prime factors of 12255515.
5, 41, 191, 313
List the prime factors of 3536867.
17, 37, 5623
List the prime factors of 1922454.
2, 3, 11867
What are the prime factors of 542394?
2, 3, 30133
List the prime factors of 2361579.
3, 11, 71563
List the prime factors of 332182.
2, 41, 4051
What are the prime factors of 762755?
5, 7, 19, 31, 37
List the prime factors of 5434229.
5434229
What are the prime factors of 450236?
2, 112559
List the prime factors of 606675.
3, 5, 8089
List the prime factors of 4255128.
2, 3, 113, 523
What are the prime factors of 9119871?
3, 17, 37, 179
List the prime factors of 3160779.
3, 1053593
List the prime factors of 6169203.
3, 76163
What are the prime factors of 3888872?
2, 13, 61, 613
What are the prime factors of 248757?
3, 283, 293
List the prime factors of 681546.
2, 3, 113591
What are the prime factors of 1676234?
2, 7, 17, 7043
List the prime factors of 19943717.
19943717
What are the prime factors of 22003208?
2, 2750401
List the prime factors of 3069226.
2, 151, 10163
What are the prime factors of 33820?
2, 5, 19, 89
What are the prime factors of 488276?
2, 122069
What are the prime factors of 1869957?
3, 173, 1201
What are the prime factors of 236782?
2, 7, 13, 1301
List the prime factors of 5362920.
2, 3, 5, 14897
List the prime factors of 99200.
2, 5, 31
List the prime factors of 1040351.
13, 79, 1013
List the prime factors of 316047.
3, 17, 6197
What are the prime factors of 2261476?
2, 7, 17, 4751
What are the prime factors of 9339496?
2, 331, 3527
List the prime factors of 5789781.
3, 113, 5693
What are the prime factors of 2836165?
5, 229, 2477
What are the prime factors of 29159?
13, 2243
What are the prime factors of 57150?
2, 3, 5, 127
What are the prime factors of 359944?
2, 13, 3461
What are the prime factors of 24302041?
59, 277, 1487
List the prime factors of 760145.
5, 152029
List the prime factors of 439169.
643, 683
List the prime factors of 591886.
2, 295943
List the prime factors of 3266013.
3, 1088671
List the prime factors of 28239.
3, 9413
List the prime factors of 8411882.
2, 23, 182867
List the prime factors of 171686.
2, 85843
What are the prime factors of 46785?
3, 5, 3119
List the prime factors of 1816814.
2, 113, 8039
List the prime factors of 12595899.
3, 421, 9973
List the prime factors of 21750493.
29, 151, 4967
List the prime factors of 264315.
3, 5, 67, 263
What are the prime factors of 173690?
2, 5, 11, 1579
List the prime factors of 7828755.
3, 5, 11, 17, 2791
What are the prime factors of 11778986?
2, 137, 42989
What are the prime factors of 5223069?
3, 193447
List the prime factors of 47053.
211, 223
List the prime factors of 2912416.
2, 13, 7001
What are the prime factors of 1425677?
11, 129607
List the prime factors of 13268540.
2, 5, 307, 2161
What are the prime factors of 3894972?
2, 3, 17, 61, 313
What are the prime factors of 2230636?
2, 31, 17989
What are the prime factors of 990813?
3, 330271
List the prime factors of 118155.
3, 5, 7877
What are the prime factors of 5180614?
2, 17, 8963
What are the prime factors of 187790?
2, 5, 89, 211
List the prime factors of 6436733.
83, 77551
What are the prime factors of 221497?
221497
List the prime factors of 281319.
3, 79, 1187
List the prime factors of 82761.
3, 7, 563
What are the prime factors of 3447939?
3, 11, 163, 641
What are the prime factors of 2179199?
11, 198109
List the prime factors of 2098444.
2, 197, 2663
What are the prime factors of 825481?
167, 4943
What are the prime factors of 1977363?
3, 219707
What are the prime factors of 17299624?
2, 53, 40801
What are the prime factors of 1139948?
2, 521, 547
What are the prime factors of 1646391?
3, 67, 8191
What are the prime factors of 386414?
2, 7, 3943
What are the prime factors of 267707?
11, 24337
List the prime factors of 945592.
2, 19, 6221
List the prime factors of 260709.
3, 43, 47
What are the prime factors of 736215?
3, 5, 49081
List the prime factors of 401205.
3, 5, 7, 3821
What are the prime factors of 7741715?
5, 17, 91079
What are the prime factors of 29183?
7, 11, 379
What are the prime factors of 20741599?
20741599
What are the prime factors of 2616763?
109, 24007
List the prime factors of 13764496.
2, 31, 27751
List the prime factors of 23294067.
3, 577, 13457
What are the prime factors of 177610?
2, 5, 17761
What are the prime factors of 2693877?
3, 19, 167, 283
What are the prime factors of 63278?
2, 29, 1091
List the prime factors of 3082775.
5, 123311
List the prime factors of 1838045.
5, 11, 23, 1453
List the prime factors of 6988831.
61, 114571
List the prime factors of 1391324.
2, 11, 103, 307
List the prime factors of 10208653.
7, 13, 17, 6599
What are the prime factors of 2410555?
5, 7, 9839
What are the prime factors of 5911708?
2, 11, 29, 41, 113
What are the prime factors of 8146973?
587, 13879
What are the prime factors of 420603?
3, 19, 47, 157
What are the prime factors of 1201458?
2, 3, 17, 11779
What are the prime factors of 2816?
2, 11
What are the prime factors of 1105416?
2, 3, 13, 1181
What are the prime factors of 772966?
2, 29, 13327
What are the prime factors of 867891?
3, 289297
What are the prime factors of 1946072?
2, 243259
List the prime factors of 361318.
2, 17, 10627
List the prime factors of 300186.
2, 3, 17, 109
What are the prime factors of 8262428?
2, 23, 89809
List the prime factors of 484967.
7, 29, 2389
List the prime factors of 1681081.
1129, 1489
List the prime factors of 11737266.
2, 3, 1956211
What are the prime factors of 16145183?
16145183
What are the prime factors of 51125?
5, 409
List the prime factors of 181709.
11, 16519
What are the prime factors of 1580638?
2, 103, 7673
List the prime factors of 3628640.
2, 5, 22679
What are the prime factors of 1325257?
263, 5039
List the prime factors of 1431774.
2, 3, 17, 4679
What are the prime factors of 99259?
99259
What are the prime factors of 53535?
3, 5, 43, 83
What are the prime factors of 8319604?
2, 257, 8093
List the prime factors of 7197510.
2, 3, 5, 29, 8273
What are the prime factors of 154978?
2, 77489
What are the prime factors of 23890936?
2, 2986367
What are the prime factors of 106381?
11, 19, 509
List the prime factors of 12731295.
3, 5, 227, 3739
List the prime factors of 254272.
2, 29, 137
What are the prime factors of 2674865?
5, 17, 31469
What are the prime factors of 2853042?
2, 3, 17, 83, 337
What are the prime factors of 504076?
2, 126019
List the prime factors of 10622906.
2, 7, 61, 1777
List the prime factors of 2034698.
2, 29, 35081
List the prime factors of 571032.
2, 3, 7, 11, 103
List the prime factors of 596350.
2, 5, 11927
List the prime factors of 1312232.
2, 61, 2689
List the prime factors of 622946.
2, 311473
What are the prime factors of 46910?
2, 5, 4691
List the prime factors of 3170